[INFO] cloning repository https://github.com/d-mv/rust-api-rocket
[INFO] running `Command { std: "git" "-c" "credential.helper=" "-c" "credential.helper=/workspace/cargo-home/bin/git-credential-null" "clone" "--bare" "https://github.com/d-mv/rust-api-rocket" "/workspace/cache/git-repos/https%3A%2F%2Fgithub.com%2Fd-mv%2Frust-api-rocket", kill_on_drop: false }`
[INFO] [stderr] Cloning into bare repository '/workspace/cache/git-repos/https%3A%2F%2Fgithub.com%2Fd-mv%2Frust-api-rocket'...
[INFO] running `Command { std: "git" "rev-parse" "HEAD", kill_on_drop: false }`
[INFO] [stdout] fcd6c30073a8b7e25e8a8d6654a43065ff18d6f2
[INFO] checking d-mv/rust-api-rocket against master#af3c6e733a40e671550e0f0f5aeecaa13772ba56 for pr-74989
[INFO] running `Command { std: "git" "clone" "/workspace/cache/git-repos/https%3A%2F%2Fgithub.com%2Fd-mv%2Frust-api-rocket" "/workspace/builds/worker-14/source", kill_on_drop: false }`
[INFO] [stderr] Cloning into '/workspace/builds/worker-14/source'...
[INFO] [stderr] done.
[INFO] validating manifest of git repo https://github.com/d-mv/rust-api-rocket on toolchain af3c6e733a40e671550e0f0f5aeecaa13772ba56
[INFO] running `Command { std: "/workspace/cargo-home/bin/cargo" "+af3c6e733a40e671550e0f0f5aeecaa13772ba56" "read-manifest" "--manifest-path" "Cargo.toml", kill_on_drop: false }`
[INFO] started tweaking git repo https://github.com/d-mv/rust-api-rocket
[INFO] finished tweaking git repo https://github.com/d-mv/rust-api-rocket
[INFO] tweaked toml for git repo https://github.com/d-mv/rust-api-rocket written to /workspace/builds/worker-14/source/Cargo.toml
[INFO] crate git repo https://github.com/d-mv/rust-api-rocket already has a lockfile, it will not be regenerated
[INFO] running `Command { std: "/workspace/cargo-home/bin/cargo" "+af3c6e733a40e671550e0f0f5aeecaa13772ba56" "fetch" "--locked" "--manifest-path" "Cargo.toml", kill_on_drop: false }`
[INFO] running `Command { std: "docker" "create" "-v" "/var/lib/crater-agent-workspace/builds/worker-14/target:/opt/rustwide/target:rw,Z" "-v" "/var/lib/crater-agent-workspace/builds/worker-14/source:/opt/rustwide/workdir:ro,Z" "-v" "/var/lib/crater-agent-workspace/cargo-home:/opt/rustwide/cargo-home:ro,Z" "-v" "/var/lib/crater-agent-workspace/rustup-home:/opt/rustwide/rustup-home:ro,Z" "-e" "SOURCE_DIR=/opt/rustwide/workdir" "-e" "CARGO_TARGET_DIR=/opt/rustwide/target" "-e" "CARGO_HOME=/opt/rustwide/cargo-home" "-e" "RUSTUP_HOME=/opt/rustwide/rustup-home" "-w" "/opt/rustwide/workdir" "-m" "1610612736" "--user" "0:0" "--network" "none" "rustops/crates-build-env@sha256:d92eaeed33fa75130ca1ee6c8a01d1ffb62bac859dfdfb3450e3e5d1c0146529" "/opt/rustwide/cargo-home/bin/cargo" "+af3c6e733a40e671550e0f0f5aeecaa13772ba56" "metadata" "--no-deps" "--format-version=1", kill_on_drop: false }`
[INFO] [stdout] 0a783dc3f7a48d04991d69939a41e80df437aab56258f0ebd4970109aec28fa9
[INFO] [stderr] WARNING: Your kernel does not support swap limit capabilities or the cgroup is not mounted. Memory limited without swap.
[INFO] running `Command { std: "docker" "start" "-a" "0a783dc3f7a48d04991d69939a41e80df437aab56258f0ebd4970109aec28fa9", kill_on_drop: false }`
[INFO] running `Command { std: "docker" "inspect" "0a783dc3f7a48d04991d69939a41e80df437aab56258f0ebd4970109aec28fa9", kill_on_drop: false }`
[INFO] running `Command { std: "docker" "rm" "-f" "0a783dc3f7a48d04991d69939a41e80df437aab56258f0ebd4970109aec28fa9", kill_on_drop: false }`
[INFO] [stdout] 0a783dc3f7a48d04991d69939a41e80df437aab56258f0ebd4970109aec28fa9
[INFO] running `Command { std: "docker" "create" "-v" "/var/lib/crater-agent-workspace/builds/worker-14/target:/opt/rustwide/target:rw,Z" "-v" "/var/lib/crater-agent-workspace/builds/worker-14/source:/opt/rustwide/workdir:ro,Z" "-v" "/var/lib/crater-agent-workspace/cargo-home:/opt/rustwide/cargo-home:ro,Z" "-v" "/var/lib/crater-agent-workspace/rustup-home:/opt/rustwide/rustup-home:ro,Z" "-e" "SOURCE_DIR=/opt/rustwide/workdir" "-e" "CARGO_TARGET_DIR=/opt/rustwide/target" "-e" "CARGO_INCREMENTAL=0" "-e" "RUST_BACKTRACE=full" "-e" "RUSTFLAGS=--cap-lints=forbid" "-e" "CARGO_HOME=/opt/rustwide/cargo-home" "-e" "RUSTUP_HOME=/opt/rustwide/rustup-home" "-w" "/opt/rustwide/workdir" "-m" "1610612736" "--user" "0:0" "--network" "none" "rustops/crates-build-env@sha256:d92eaeed33fa75130ca1ee6c8a01d1ffb62bac859dfdfb3450e3e5d1c0146529" "/opt/rustwide/cargo-home/bin/cargo" "+af3c6e733a40e671550e0f0f5aeecaa13772ba56" "check" "--frozen" "--all" "--all-targets" "--message-format=json", kill_on_drop: false }`
[INFO] [stdout] 2d70c87886f6e511c3c08f285417f001c6f46da409dbed3c45e179ecb806e662
[INFO] [stderr] WARNING: Your kernel does not support swap limit capabilities or the cgroup is not mounted. Memory limited without swap.
[INFO] running `Command { std: "docker" "start" "-a" "2d70c87886f6e511c3c08f285417f001c6f46da409dbed3c45e179ecb806e662", kill_on_drop: false }`
[INFO] [stderr]    Compiling proc-macro2 v0.4.30
[INFO] [stderr]    Compiling unicode-xid v0.2.1
[INFO] [stderr]    Compiling yansi v0.5.0
[INFO] [stderr]    Compiling syn v0.15.44
[INFO] [stderr]    Compiling syn v1.0.38
[INFO] [stderr]    Compiling subtle v2.2.3
[INFO] [stderr]    Compiling opaque-debug v0.2.3
[INFO] [stderr]    Compiling byte-tools v0.3.1
[INFO] [stderr]    Compiling subtle v1.0.0
[INFO] [stderr]     Checking ppv-lite86 v0.2.8
[INFO] [stderr]    Compiling matches v0.1.8
[INFO] [stderr]    Compiling serde v1.0.114
[INFO] [stderr]     Checking tinyvec v0.3.3
[INFO] [stderr]     Checking safemem v0.3.3
[INFO] [stderr]    Compiling zeroize v1.1.0
[INFO] [stderr]    Compiling percent-encoding v1.0.1
[INFO] [stderr]    Compiling fake-simd v0.1.2
[INFO] [stderr]    Compiling base64 v0.12.3
[INFO] [stderr]    Compiling typeable v0.1.2
[INFO] [stderr]    Compiling ucd-trie v0.1.3
[INFO] [stderr]    Compiling traitobject v0.1.0
[INFO] [stderr]    Compiling language-tags v0.2.2
[INFO] [stderr]    Compiling state v0.4.1
[INFO] [stderr]    Compiling ryu v1.0.5
[INFO] [stderr]    Compiling smallvec v1.4.1
[INFO] [stderr]    Compiling maplit v1.0.2
[INFO] [stderr]    Compiling glob v0.3.0
[INFO] [stderr]    Compiling serde_json v1.0.57
[INFO] [stderr]     Checking unicode-xid v0.1.0
[INFO] [stderr]     Checking quick-error v1.2.3
[INFO] [stderr]     Checking regex-syntax v0.6.18
[INFO] [stderr]     Checking mime v0.3.16
[INFO] [stderr]    Compiling pq-sys v0.4.6
[INFO] [stderr]     Checking itoa v0.4.6
[INFO] [stderr]     Checking dotenv v0.15.0
[INFO] [stderr]    Compiling unicase v1.4.2
[INFO] [stderr]    Compiling hashbrown v0.8.1
[INFO] [stderr]    Compiling indexmap v1.5.0
[INFO] [stderr]    Compiling block-padding v0.1.5
[INFO] [stderr]    Compiling unicode-bidi v0.3.4
[INFO] [stderr]    Compiling pest v2.1.3
[INFO] [stderr]     Checking unicode-normalization v0.1.13
[INFO] [stderr]    Compiling pear_codegen v0.1.4
[INFO] [stderr]    Compiling rocket_codegen v0.4.5
[INFO] [stderr]    Compiling rocket v0.4.5
[INFO] [stderr]     Checking thread_local v1.0.1
[INFO] [stderr]    Compiling typenum v1.12.0
[INFO] [stderr]    Compiling byteorder v1.3.4
[INFO] [stderr]    Compiling proc-macro2 v1.0.19
[INFO] [stderr]    Compiling log v0.4.11
[INFO] [stderr]    Compiling bitflags v1.2.1
[INFO] [stderr]    Compiling httparse v1.3.4
[INFO] [stderr]     Checking getrandom v0.1.14
[INFO] [stderr]     Checking net2 v0.2.34
[INFO] [stderr]     Checking inotify-sys v0.1.3
[INFO] [stderr]     Checking atty v0.2.14
[INFO] [stderr]     Checking rand_os v0.1.3
[INFO] [stderr]     Checking filetime v0.2.12
[INFO] [stderr]    Compiling time v0.1.43
[INFO] [stderr]    Compiling num_cpus v1.13.0
[INFO] [stderr]     Checking base64 v0.9.3
[INFO] [stderr]     Checking log v0.3.9
[INFO] [stderr]    Compiling idna v0.1.5
[INFO] [stderr]     Checking aho-corasick v0.7.13
[INFO] [stderr]     Checking buf_redux v0.8.4
[INFO] [stderr]     Checking twoway v0.1.8
[INFO] [stderr]     Checking block-cipher-trait v0.6.2
[INFO] [stderr]     Checking universal-hash v0.3.0
[INFO] [stderr]     Checking block-buffer v0.7.3
[INFO] [stderr]     Checking aead v0.2.0
[INFO] [stderr]     Checking inotify v0.7.1
[INFO] [stderr]     Checking rand_core v0.5.1
[INFO] [stderr]     Checking mio v0.6.22
[INFO] [stderr]     Checking rand v0.6.5
[INFO] [stderr]    Compiling quote v1.0.7
[INFO] [stderr]     Checking mime v0.2.6
[INFO] [stderr]     Checking aes-soft v0.3.3
[INFO] [stderr]     Checking polyval v0.3.3
[INFO] [stderr]    Compiling quote v0.6.13
[INFO] [stderr]     Checking sha2 v0.8.2
[INFO] [stderr]    Compiling generic-array v0.12.3
[INFO] [stderr]    Compiling rand_chacha v0.2.2
[INFO] [stderr]    Compiling pest_meta v2.1.3
[INFO] [stderr]    Compiling url v1.7.2
[INFO] [stderr]     Checking hkdf v0.8.0
[INFO] [stderr]     Checking mime_guess v2.0.3
[INFO] [stderr]     Checking ghash v0.2.3
[INFO] [stderr]     Checking aes v0.3.2
[INFO] [stderr]    Compiling digest v0.8.1
[INFO] [stderr]    Compiling crypto-mac v0.7.0
[INFO] [stderr]    Compiling rand v0.7.3
[INFO] [stderr]     Checking aes-gcm v0.5.0
[INFO] [stderr]     Checking mio-extras v2.0.6
[INFO] [stderr]    Compiling hmac v0.7.1
[INFO] [stderr]    Compiling hyper v0.10.16
[INFO] [stderr]     Checking notify v4.0.15
[INFO] [stderr]     Checking regex v1.3.9
[INFO] [stderr]    Compiling cookie v0.11.3
[INFO] [stderr]     Checking tempfile v3.1.0
[INFO] [stderr]     Checking multipart v0.17.0
[INFO] [stderr]    Compiling pest_generator v2.1.3
[INFO] [stderr]    Compiling devise_core v0.2.0
[INFO] [stderr]    Compiling serde_derive v1.0.114
[INFO] [stderr]    Compiling pest_derive v2.1.0
[INFO] [stderr]    Compiling diesel_derives v1.4.1
[INFO] [stderr]    Compiling devise_codegen v0.2.0
[INFO] [stderr]    Compiling devise v0.2.0
[INFO] [stderr]    Compiling pear v0.1.4
[INFO] [stderr]     Checking rocket_http v0.4.5
[INFO] [stderr]     Checking diesel v1.4.5
[INFO] [stderr]     Checking toml v0.4.10
[INFO] [stderr]     Checking handlebars v1.1.0
[INFO] [stderr]     Checking rocket_contrib v0.4.5
[INFO] [stderr]     Checking rocket-multipart-form-data v0.9.5
[INFO] [stderr]     Checking rust-api-rocket v0.1.0 (/opt/rustwide/workdir)
[INFO] [stdout] error[E0277]: the trait bound `*const str: FromSql<diesel::sql_types::Nullable<diesel::sql_types::Timestamp>, _>` is not satisfied
[INFO] [stdout]   --> src/users.rs:33:10
[INFO] [stdout]    |
[INFO] [stdout] 33 |         .load::<User>(&crate::establish_connection())
[INFO] [stdout]    |          ^^^^ the trait `FromSql<diesel::sql_types::Nullable<diesel::sql_types::Timestamp>, _>` is not implemented for `*const str`
[INFO] [stdout]    |
[INFO] [stdout]    = help: the following implementations were found:
[INFO] [stdout]              <*const [u8] as FromSql<diesel::sql_types::Binary, DB>>
[INFO] [stdout]              <*const str as FromSql<diesel::sql_types::Text, DB>>
[INFO] [stdout]    = note: required because of the requirements on the impl of `FromSql<diesel::sql_types::Nullable<diesel::sql_types::Timestamp>, _>` for `std::string::String`
[INFO] [stdout]    = note: required because of the requirements on the impl of `Queryable<diesel::sql_types::Nullable<diesel::sql_types::Timestamp>, _>` for `std::string::String`
[INFO] [stdout]    = note: required because of the requirements on the impl of `Queryable<(diesel::sql_types::Integer, diesel::sql_types::Text, diesel::sql_types::Nullable<diesel::sql_types::Text>, diesel::sql_types::Text, diesel::sql_types::Nullable<diesel::sql_types::Timestamp>, diesel::sql_types::Nullable<diesel::sql_types::Timestamp>), _>` for `(i32, std::string::String, std::option::Option<std::string::String>, std::string::String, std::string::String, std::string::String)`
[INFO] [stdout]    = note: required because of the requirements on the impl of `Queryable<(diesel::sql_types::Integer, diesel::sql_types::Text, diesel::sql_types::Nullable<diesel::sql_types::Text>, diesel::sql_types::Text, diesel::sql_types::Nullable<diesel::sql_types::Timestamp>, diesel::sql_types::Nullable<diesel::sql_types::Timestamp>), _>` for `models::User`
[INFO] [stdout]    = note: required because of the requirements on the impl of `LoadQuery<_, models::User>` for `diesel::query_builder::SelectStatement<table, query_builder::select_clause::SelectClause<(columns::id, columns::first_name, columns::last_name, columns::email, columns::created_at, columns::updated_at)>>`
[INFO] [stdout] 
[INFO] [stdout] 
[INFO] [stdout] error[E0277]: the trait bound `*const str: FromSql<diesel::sql_types::Nullable<diesel::sql_types::Timestamp>, _>` is not satisfied
[INFO] [stdout]   --> src/users.rs:33:10
[INFO] [stdout]    |
[INFO] [stdout] 33 |         .load::<User>(&crate::establish_connection())
[INFO] [stdout]    |          ^^^^ the trait `FromSql<diesel::sql_types::Nullable<diesel::sql_types::Timestamp>, _>` is not implemented for `*const str`
[INFO] [stdout]    |
[INFO] [stdout]    = help: the following implementations were found:
[INFO] [stdout]              <*const [u8] as FromSql<diesel::sql_types::Binary, DB>>
[INFO] [stdout]              <*const str as FromSql<diesel::sql_types::Text, DB>>
[INFO] [stdout]    = note: required because of the requirements on the impl of `FromSql<diesel::sql_types::Nullable<diesel::sql_types::Timestamp>, _>` for `std::string::String`
[INFO] [stdout]    = note: required because of the requirements on the impl of `Queryable<diesel::sql_types::Nullable<diesel::sql_types::Timestamp>, _>` for `std::string::String`
[INFO] [stdout]    = note: required because of the requirements on the impl of `Queryable<(diesel::sql_types::Integer, diesel::sql_types::Text, diesel::sql_types::Nullable<diesel::sql_types::Text>, diesel::sql_types::Text, diesel::sql_types::Nullable<diesel::sql_types::Timestamp>, diesel::sql_types::Nullable<diesel::sql_types::Timestamp>), _>` for `(i32, std::string::String, std::option::Option<std::string::String>, std::string::String, std::string::String, std::string::String)`
[INFO] [stdout]    = note: required because of the requirements on the impl of `Queryable<(diesel::sql_types::Integer, diesel::sql_types::Text, diesel::sql_types::Nullable<diesel::sql_types::Text>, diesel::sql_types::Text, diesel::sql_types::Nullable<diesel::sql_types::Timestamp>, diesel::sql_types::Nullable<diesel::sql_types::Timestamp>), _>` for `models::User`
[INFO] [stdout]    = note: required because of the requirements on the impl of `LoadQuery<_, models::User>` for `diesel::query_builder::SelectStatement<table, query_builder::select_clause::SelectClause<(columns::id, columns::first_name, columns::last_name, columns::email, columns::created_at, columns::updated_at)>>`
[INFO] [stdout] 
[INFO] [stdout] 
[INFO] [stdout] error[E0277]: the trait bound `*const str: FromSql<diesel::sql_types::Nullable<diesel::sql_types::Timestamp>, _>` is not satisfied
[INFO] [stdout]    --> src/users.rs:149:10
[INFO] [stdout]     |
[INFO] [stdout] 149 |         .load::<User>(&crate::establish_connection())
[INFO] [stdout]     |          ^^^^ the trait `FromSql<diesel::sql_types::Nullable<diesel::sql_types::Timestamp>, _>` is not implemented for `*const str`
[INFO] [stdout]     |
[INFO] [stdout]     = help: the following implementations were found:
[INFO] [stdout]               <*const [u8] as FromSql<diesel::sql_types::Binary, DB>>
[INFO] [stdout]               <*const str as FromSql<diesel::sql_types::Text, DB>>
[INFO] [stdout]     = note: required because of the requirements on the impl of `FromSql<diesel::sql_types::Nullable<diesel::sql_types::Timestamp>, _>` for `std::string::String`
[INFO] [stdout]     = note: required because of the requirements on the impl of `Queryable<diesel::sql_types::Nullable<diesel::sql_types::Timestamp>, _>` for `std::string::String`
[INFO] [stdout]     = note: required because of the requirements on the impl of `Queryable<(diesel::sql_types::Integer, diesel::sql_types::Text, diesel::sql_types::Nullable<diesel::sql_types::Text>, diesel::sql_types::Text, diesel::sql_types::Nullable<diesel::sql_types::Timestamp>, diesel::sql_types::Nullable<diesel::sql_types::Timestamp>), _>` for `(i32, std::string::String, std::option::Option<std::string::String>, std::string::String, std::string::String, std::string::String)`
[INFO] [stdout]     = note: required because of the requirements on the impl of `Queryable<(diesel::sql_types::Integer, diesel::sql_types::Text, diesel::sql_types::Nullable<diesel::sql_types::Text>, diesel::sql_types::Text, diesel::sql_types::Nullable<diesel::sql_types::Timestamp>, diesel::sql_types::Nullable<diesel::sql_types::Timestamp>), _>` for `models::User`
[INFO] [stdout]     = note: required because of the requirements on the impl of `LoadQuery<_, models::User>` for `diesel::query_builder::SelectStatement<table, query_builder::select_clause::SelectClause<(columns::id, columns::first_name, columns::last_name, columns::email, columns::created_at, columns::updated_at)>, query_builder::distinct_clause::NoDistinctClause, query_builder::where_clause::WhereClause<diesel::expression::operators::Eq<columns::id, diesel::expression::bound::Bound<diesel::sql_types::Integer, i32>>>>`
[INFO] [stdout] 
[INFO] [stdout] 
[INFO] [stdout] error[E0277]: the trait bound `*const str: FromSql<diesel::sql_types::Nullable<diesel::sql_types::Timestamp>, _>` is not satisfied
[INFO] [stdout]    --> src/users.rs:149:10
[INFO] [stdout]     |
[INFO] [stdout] 149 |         .load::<User>(&crate::establish_connection())
[INFO] [stdout]     |          ^^^^ the trait `FromSql<diesel::sql_types::Nullable<diesel::sql_types::Timestamp>, _>` is not implemented for `*const str`
[INFO] [stdout]     |
[INFO] [stdout]     = help: the following implementations were found:
[INFO] [stdout]               <*const [u8] as FromSql<diesel::sql_types::Binary, DB>>
[INFO] [stdout]               <*const str as FromSql<diesel::sql_types::Text, DB>>
[INFO] [stdout]     = note: required because of the requirements on the impl of `FromSql<diesel::sql_types::Nullable<diesel::sql_types::Timestamp>, _>` for `std::string::String`
[INFO] [stdout]     = note: required because of the requirements on the impl of `Queryable<diesel::sql_types::Nullable<diesel::sql_types::Timestamp>, _>` for `std::string::String`
[INFO] [stdout]     = note: required because of the requirements on the impl of `Queryable<(diesel::sql_types::Integer, diesel::sql_types::Text, diesel::sql_types::Nullable<diesel::sql_types::Text>, diesel::sql_types::Text, diesel::sql_types::Nullable<diesel::sql_types::Timestamp>, diesel::sql_types::Nullable<diesel::sql_types::Timestamp>), _>` for `(i32, std::string::String, std::option::Option<std::string::String>, std::string::String, std::string::String, std::string::String)`
[INFO] [stdout]     = note: required because of the requirements on the impl of `Queryable<(diesel::sql_types::Integer, diesel::sql_types::Text, diesel::sql_types::Nullable<diesel::sql_types::Text>, diesel::sql_types::Text, diesel::sql_types::Nullable<diesel::sql_types::Timestamp>, diesel::sql_types::Nullable<diesel::sql_types::Timestamp>), _>` for `models::User`
[INFO] [stdout]     = note: required because of the requirements on the impl of `LoadQuery<_, models::User>` for `diesel::query_builder::SelectStatement<table, query_builder::select_clause::SelectClause<(columns::id, columns::first_name, columns::last_name, columns::email, columns::created_at, columns::updated_at)>, query_builder::distinct_clause::NoDistinctClause, query_builder::where_clause::WhereClause<diesel::expression::operators::Eq<columns::id, diesel::expression::bound::Bound<diesel::sql_types::Integer, i32>>>>`
[INFO] [stdout] 
[INFO] [stdout] 
[INFO] [stdout] error: aborting due to 2 previous errors
[INFO] [stdout] 
[INFO] [stdout] 
[INFO] [stdout] For more information about this error, try `rustc --explain E0277`.
[INFO] [stdout] 
[INFO] [stderr] error: could not compile `rust-api-rocket`.
[INFO] [stderr] 
[INFO] [stderr] To learn more, run the command again with --verbose.
[INFO] [stderr] warning: build failed, waiting for other jobs to finish...
[INFO] [stdout] error: aborting due to 2 previous errors
[INFO] [stdout] 
[INFO] [stdout] 
[INFO] [stdout] For more information about this error, try `rustc --explain E0277`.
[INFO] [stdout] 
[INFO] [stderr] error: build failed
[INFO] running `Command { std: "docker" "inspect" "2d70c87886f6e511c3c08f285417f001c6f46da409dbed3c45e179ecb806e662", kill_on_drop: false }`
[INFO] running `Command { std: "docker" "rm" "-f" "2d70c87886f6e511c3c08f285417f001c6f46da409dbed3c45e179ecb806e662", kill_on_drop: false }`
[INFO] [stdout] 2d70c87886f6e511c3c08f285417f001c6f46da409dbed3c45e179ecb806e662
